*m. Calculate s(7).
8
Let y(o) = -4336*o + 8979*o - 1 + 3 - 4633*o - 5. Let s(w) = -w**2. Let n be s(-2). What is y(n)?
-43
Let n(z) = 4*z**2 + 129*z + 38. Let r be n(-32). Let o(j) = -j**2 + 9*j - 10. Determine o(r).
8
Suppose -16*k = -5*t + 128, 14*k = 15*k + 2*t + 8. Let u(q) = 14*q + 85. Calculate u(k).
-27
Let n(m) = -4*m + 14. Suppose 3*x + 48 = -10*h, -23 = -3*h - 4*x - 25. Determine n(h).
38
Let g(m) = -7*m**2 - m - 20. Let s(c) = 2*c**2 + c + 4. Let f(o) = -g(o) - 3*s(o). Calculate f(6).
32
Let q(w) = -5*w**2 + 23*w + 2. Let a be (0 - -2)/(9/(-6))*(-3 - 0). Give q(a).
14
Let x(r) be the third derivative of -r**6/120 + 3*r**5/20 + r**4/12 - r**3/6 + 71*r**2 + 2*r + 14. Calculate x(9).
17
Let j(h) = 2*h + 3. Let x(u) = 10*u + 16. Let b(i) = 11*j(i) - 2*x(i). Suppose 3*r + 24 = -2*y + 1, 4*r + 24 = -y. Determine b(r).
-9
Let k be 11/(-4) + 1/(-4). Suppose -i = -4*g + 19, -8*g = -4*g - 2*i - 22. Let t(n) = 15*n**3 - 4 + g*n**2 + 11*n**3 + 0 - 25*n**3. What is t(k)?
5
Suppose 3*l + 154 - 160 = 0. Let i(o) = 4*o**2 - 5*o. Determine i(l).
6
Let f(a) = 8*a**2 + 19*a - 26. Let l(v) = 15*v**2 + 39*v - 47. Let u(n) = 5*f(n) - 3*l(n). Give u(-5).
-4
Let f(l) be the second derivative of 0 + 121*l - 1/2*l**3 - 11/2*l**2. What is f(-7)?
10
Let p(n) = n**3 + n**2 + n - 2. Let z = 111 + -99. Let r(m) = m - 11. Let j be r(z). Let q be 0/(j*(-4 + 1 + 4)). What is p(q)?
-2
Let o(s) = 196*s**2 - 7*s - 7. Let w(j) = 39*j**2 - 2*j + 1. Let h(l) = o(l) - 5*w(l). Give h(-5).
-2
Let d(i) = 5247 - 10497 - 5*i + 5248. Let r(p) = -p**2 - 9*p - 13. Let v be r(-7). Determine d(v).
-7
Let c(p) = -p**3 + 18*p**2 + 122690 + 118*p + 18*p**2 - 122733. Determine c(39).
-4
Let p(a) = a**2 + 2*a - 4. Suppose 2*w - 4*u - 16 = -u, 4*u = -5*w + 17. Suppose -5*v + 6 + 5 = -3*x, 27 = w*x + 3*v. Let z be 3 + -6 + x/6*-2. Give p(z).
4
Let t(z) = -z**3 + 2*z**2 + 26*z + 6. Suppose 0 = 4*g + 3*l + 25, 7 = 101*g - 102*g - l. Determine t(g).
-2
Let u be (31/(-31))/(13/4 - 3). Let z(d) = d**3 + 4*d**2 - 4*d + 3. Calculate z(u).
19
Suppose 6*i - 26 = -8. Suppose 0*t - i = -t. Suppose 0 = s + n - 10, -t*s - 3*n + 16 = -2*s. Let l(y) = -y**2 + 6*y + 5. Calculate l(s).
-2
Let x be 1 + 0 + 207/69. Let g(i) = 3*i**2 - i - 19. Determine g(x).
25
Let v(d) = 0 + 37 + 42*d + 55*d + 15 - 84*d. What is v(-8)?
-52
Let h = 275 - 240. Suppose -6*k - 5*x = -k + 50, -5*k - 2*x - h = 0. Let o(v) = -v**3 - 7*v**2 - 8*v - 5. What is o(k)?
-15
Let t(p) = -p + 11. Let o be (-2)/(-3) - (-50)/15. Let r be t(o). Let x(h) = h**2 - 6*h - 1. Determine x(r).
6
Let k(x) be the second derivative of -x**5/4 - x**4/12 - x**3/6 + x**2/2 + 168*x. Let a(j) = j**2 + 52*j - 52. Let i be a(-53). Give k(i).
-6
Let d(f) = -f + 0 + 5 - 2. Let h be 1*2 - -12*(-3)/(-12). Let q(v) = -v**3 + 5*v**2 - 2*v + 16. Let j be q(h). Determine d(j).
-3
Suppose 761*l - 2 = 759*l. Let s(i) = -7*i + 3. Let u(n) = 7*n - 2. Let v(p) = -3*s(p) - 4*u(p). Give v(l).
-8
Let h(a) be the first derivative of 2*a**3/3 - 15*a**2/2 - 49*a + 1553. Give h(10).
1
Let g(o) = -5*o**3 + 54*o**2 - 2*o - 22. Let d(c) = -c**3 + 8*c**2 + c - 1. Let f(x) = -6*d(x) + g(x). Determine f(-7).
-9
Let y(m) = m**2 - 3*m - 1. Let h be (-5)/(-4) - (-234)/24. Suppose 0 = h*z - 52*z - 82. Calculate y(z).
9
Let y(q) = q**2 - 5*q - 47. Let c be y(-5). Let x(k) = -2 - 7*k**c - 10*k**3 + k**2 - 3*k + 5*k + 16*k**3. Give x(2).
-2
Suppose -2 = 70*g + 1328. Let w(o) = o**2 + 16*o - 56. Give w(g).
1
Let s = -22 + 35. Let f = -11 + s. Let z(m) = -2*m - 322*m**2 + m - m + 324*m**2 + m. What is z(f)?
6
Suppose 0 = -30*y + 34*y - 260. Suppose 8*d - y = 39. Let n(m) = -m**3 + 12*m**2 + 13*m + 1. Give n(d).
1
Let t(h) = -14*h - 113. Let w be t(-8). Let r(p) = 9*p**2 - 2*p + 4. Let o(g) = 117*g**2 - 27*g + 54. Let v(n) = -4*o(n) + 54*r(n). Give v(w).
18
Let z = -18 + 30. Let j be (1 - 5)/(z - 10). Let o(p) = 55 + 59 - 115 + p. Give o(j).
-3
Let s = -842 + 844. Let y(k) = -26*k + k**3 - 6*k**s + 41*k + 2 - 11*k. Determine y(5).
-3
Let x(q) = q**3 - 10*q**2 - 3. Let a(j) = 3*j**2 - 2*j + 14. Let i be a(3). Let p be (-6)/(-14) + ((-720)/i)/6. Let o be (4 - 2) + (-6)/p + 6. What is x(o)?
-3
Let v = 227/4140 + -1/207. Let c(o) be the second derivative of 0 - v*o**5 + 0*o**4 - 1/3*o**3 + 1/2*o**2 + 4*o. What is c(-2)?
13
Let z(x) = x**2 - 7*x + 6. Let l be 1*8 + 5 + -9. Suppose l*r + 5*d - 17 - 21 = 0, d = r - 5. Calculate z(r).
6
Let n(h) = 59*h - 27 + 58*h + 68*h - 275*h + 74*h. Determine n(2).
-59
Let b be 5/3*18/2. Suppose 3*y + 0*y - 3*w = -18, -4*w + b = 5*y. Let j(c) = -10*c - 10*c - 2122 + 2121. Determine j(y).
19
Let h = -19 - -25. Suppose -h*w = -3*w. Let q(b) = 3*b**2 + w*b**2 + b - 4*b - 6 - 2*b**2. Determine q(5).
4
Let n(l) = l**2 - 22*l + 77. Let x be -18*1/1*(-2)/4*2. Give n(x).
5
Suppose -m + 56 = -9*m. Let i be m/(-28) + 219/(-12). Let x be (-4)/32*i*4. Let r(y) = y**2 - 8*y - 4. Determine r(x).
5
Suppose -2 = 2*j - 4*p, -6*p + 2*p = j - 5. Let c(r) = 4304*r + 2 - 8463*r + 4162*r. Give c(j).
5
Let x(g) = 5*g**3 + 2*g**2 + 6*g - 4. Let k(v) = -3*v**3 - 3*v + 2. Let b(z) = 5*k(z) + 2*x(z). Suppose -4*p + 4 = 0, -n - 4*p = -38 + 32. Give b(n).
-28
Let x(p) = -153*p**2 + 31*p - 42. Let q(f) = 214*f**2 - 47*f + 63. Let r(u) = 5*q(u) + 7*x(u). Calculate r(-19).
2
Let m(w) = -10*w - 11. Let t(f) = -f - 9. Let d(p) = -2*m(p) + 3*t(p). Calculate d(2).
29
Let z be (-357)/(-168) + 1/(-8). Let g = -36 + 51. Suppose -g*j + 17*j = z. Let n(q) = 14*q**3 + q**2 - 1. Determine n(j).
14
Let a(t) = 3*t**2 + 2*t - 2. Suppose -2*m - n = -36 - 10, -2*m = 3*n - 50. Suppose 0 = m*f - 6*f - 32. Calculate a(f).
14
Let d = -137 - -148. Let l(v) = -v**3 - d*v**2 + 5*v - 7 - 2*v + 5*v - 3*v + 7*v. Give l(-12).
-7
Let r be (-106)/(-9 + 7) + 3 + 1. Let i = 44 - 25. Let b(f) = i*f - 1 - r*f + 26*f. Determine b(1).
-13
Let x(a) be the second derivative of -1/20*a**5 + 0 + 11*a + 1/8*a**4 + 1/360*a**6 + 0*a**2 + 7/3*a**3. Let r(p) be the second derivative of x(p). What is r(3)?
-6
Let f(d) be the first derivative of -d**4/4 + 3*d**3 - d**2/2 - 9*d - 559. What is f(9)?
-18
Let t(p) = -5*p**2 - 8*p + 11. Let o(c) = 17*c**2 + 24*c - 37. Let a(u) = 2*o(u) + 7*t(u). Give a(5).
-62
Let b = 1156 + -1162. Let q(a) be the second derivative of 1/2*a**3 - 1/20*a**5 - 1/2*a**4 - 11*a + 0 + 2*a**2. Calculate q(b).
-14
Let a(d) be the third derivative of d**6/120 + d**5/12 + d**4/24 - d**3/3 + 4*d**2. Suppose -3*x - 73*x = 228. Determine a(x).
13
Suppose -11 = a + 2*o, 0 = -3*a + 4*o + 104 - 87. Let c(t) = 2*t**3 + 3*t. Let k(q) = -q**3 - 1. Let i(b) = c(b) - 2*k(b). Give i(a).
-5
Let u(o) be the second derivative of o**5/20 - o**4/2 + 7*o**3/6 - 11*o**2/2 - 390*o + 1. Give u(5).
-1
Let a(q) = -2*q**3 + 81*q**2 - 12*q + 59. Let v(f) = -3*f**3 + 122*f**2 - 17*f + 89. Let n(y) = -7*a(y) + 5*v(y). Determine n(43).
-11
Let o(y) be the third derivative of y**6/120 - 13*y**5/60 + 5*y**4/24 + 19*y**3/6 + 610*y**2. Calculate o(13).
84
Let j(y) = 9*y + 10. Let n(b) = -10*b - 13. Let k(m) = 4*j(m) + 3*n(m). Let i(o) = -o**2 + 9*o - 11. Let s be i(1). Determine k(s).
-17
Let k(a) = -21*a**3 + 12*a**2 - a + 1. Let f(w) = -100*w**3 + 58*w**2 - 6*w + 4. Let r(b) = 4*f(b) - 19*k(b). Suppose 0 + 16 = 4*y. Calculate r(y).
-23
Suppose 72 = -n + 66. Let c(r) = -44*r - 15. Let w(l) = -52*l - 17. Let t(z) = -6*c(z) + 5*w(z). Determine t(n).
-19
Let l(f) be the third derivative of f**5/60 + f**4/24 + 2*f**3/3 - 10*f**2 - f. Suppose 51*j = 50*j. Give l(j).
4
Let c(m) be the third derivative of -m**6/120 - 19*m**5/60 + m**4/8 - 31*m**3/6 + 973*m**2. What is c(-19)?
-88
Let b(p) = 0 + 19*p - 3*p + 3 - 11*p. Let x(d) be the second derivative of -d**4/6 - d**3/2 - 3*d**2/2 + 6*d. Let a be x(-1). Give b(a).
-7
Let p = 5517 - 5530. Let j(q) = -q**3 - 14*q**2 - 14*q + 18. What is j(p)?
31
Suppose 4*z - j + 50 = 0, -5*z - 3*j + 7*j - 57 = 0. Let r = -8 - z. Suppose -y + r = 6. Let x(f) = 7*f + 1. What is x(y)?
-6
Let o(j) = -4*j + 83. Suppose -44*x + 3160 = 60*x + 54*x. Calculate o(x).
3
Let l(m) = -m**3 + 10*m**2 - 9*m - 5. Let d be l(9). Let b(w) = -w - 31. Let p(j) = -7. Let z(y) = -4*b(y) + 18*p(y). Determine z(d).
-22
Let l be ((-2)/(-3))/((-222)/(-333)). Let d(i) = -31*i**2 + 18*i. Give d(l).
-13
Let v(i) be the second derivative of i**8/6720 +